mainder when 425383 is divided by 84601.
2378
Calculate the remainder when 1106176 is divided by 368725.
1
What is the remainder when 2506902 is divided by 2687?
2618
Calculate the remainder when 388490 is divided by 339.
335
What is the remainder when 1588802 is divided by 286?
72
Calculate the remainder when 304203 is divided by 3844.
527
Calculate the remainder when 825959 is divided by 412974.
11
Calculate the remainder when 25128563 is divided by 3174.
5
What is the remainder when 700331 is divided by 233431?
38
Calculate the remainder when 32666587 is divided by 21.
16
What is the remainder when 245005 is divided by 2112?
13
Calculate the remainder when 27755 is divided by 617.
607
Calculate the remainder when 600475 is divided by 223.
159
Calculate the remainder when 100502355 is divided by 33.
30
Calculate the remainder when 59249918 is divided by 1402.
1398
What is the remainder when 121328011 is divided by 1213280?
11
Calculate the remainder when 15810492 is divided by 31.
27
What is the remainder when 591362 is divided by 128?
2
Calculate the remainder when 1988579 is divided by 393.
392
Calculate the remainder when 168023 is divided by 3429.
2
Calculate the remainder when 91509 is divided by 1053.
951
What is the remainder when 74965 is divided by 34210?
6545
Calculate the remainder when 73598 is divided by 90.
68
Calculate the remainder when 874669 is divided by 444.
433
What is the remainder when 2485433 is divided by 2485404?
29
Calculate the remainder when 4047919 is divided by 119.
15
What is the remainder when 27913 is divided by 13123?
1667
Calculate the remainder when 650779 is divided by 1181.
48
What is the remainder when 645408 is divided by 44?
16
Calculate the remainder when 110816 is divided by 331.
262
Calculate the remainder when 3857805 is divided by 2835.
2205
What is the remainder when 4483214 is divided by 158?
122
What is the remainder when 5231975 is divided by 348793?
80
Calculate the remainder when 8835337 is divided by 146.
1
What is the remainder when 98772 is divided by 194?
26
What is the remainder when 2135362 is divided by 6?
4
Calculate the remainder when 269216550 is divided by 8.
6
What is the remainder when 16909172 is divided by 16909154?
18
Calculate the remainder when 1126831 is divided by 4334.
4325
Calculate the remainder when 17486327 is divided by 39295.
52
Calculate the remainder when 2249865 is divided by 868.
9
What is the remainder when 24316 is divided by 1427?
57
What is the remainder when 39430 is divided by 18503?
2424
Calculate the remainder when 201603 is divided by 25061.
1115
Calculate the remainder when 839051 is divided by 279526.
473
Calculate the remainder when 114886 is divided by 1035.
1
What is the remainder when 2522225 is divided by 5935?
5785
What is the remainder when 920142 is divided by 4894?
70
What is the remainder when 1577947 is divided by 9?
4
Calculate the remainder when 2849761 is divided by 106.
57
What is the remainder when 326331 is divided by 35929?
2970
Calculate the remainder when 16176708 is divided by 5392235.
3
What is the remainder when 124920338 is divided by 37?
13
Calculate the remainder when 6222949 is divided by 222244.
117
What is the remainder when 1718539 is divided by 24?
19
Calculate the remainder when 5425187 is divided by 1123.
1097
What is the remainder when 7883330 is divided by 3825?
5
What is the remainder when 21587265 is divided by 114?
111
Calculate the remainder when 75586 is divided by 634.
140
What is the remainder when 12815739 is divided by 37?
12
Calculate the remainder when 123155459 is divided by 685.
679
What is the remainder when 86873842 is divided by 272?
34
Calculate the remainder when 1423423 is divided by 95.
38
Calculate the remainder when 2087770 is divided by 208776.
10
Calculate the remainder when 192693 is divided by 15763.
3537
What is the remainder when 35435 is divided by 2624?
1323
What is the remainder when 1171014 is divided by 15408?
6
Calculate the remainder when 5418057 is divided by 12.
9
What is the remainder when 949228 is divided by 1695?
28
Calculate the remainder when 1257627 is divided by 15526.
21
What is the remainder when 295772 is divided by 4106?
140
What is the remainder when 4504 is divided by 3401?
1103
Calculate the remainder when 212941317 is divided by 51.
48
Calculate the remainder when 131222 is divided by 15826.
4614
What is the remainder when 11498465 is divided by 934?
925
What is the remainder when 2372562 is divided by 137?
133
Calculate the remainder when 662947 is divided by 18940.
47
What is the remainder when 25067244 is divided by 1527?
12
What is the remainder when 505589 is divided by 249?
119
What is the remainder when 2286074 is divided by 582?
560
What is the remainder when 114576 is divided by 57146?
284
Calculate the remainder when 2758415 is divided by 1345.
1165
What is the remainder when 237208 is divided by 5390?
48
What is the remainder when 3174990 is divided by 250?
240
Calculate the remainder when 2264726 is divided by 251632.
38
Calculate the remainder when 11094773 is divided by 111.
101
Calculate the remainder when 137216508 is divided by 549.
546
Calculate the remainder when 2049346 is divided by 390.
286
What is the remainder when 20719586 is divided by 3662?
3652
What is the remainder when 198620 is divided by 258?
218
What is the remainder when 6619535 is divided by 509183?
156
What is the remainder when 14141 is divided by 9?
2
Calculate the remainder when 731645 is divided by 182909.
9
Calculate the remainder when 247089 is divided by 118905.
9279
What is the remainder when 8824330 is divided by 845?
840
Calculate the remainder when 463558 is divided by 490.
18
Calculate the remainder when 96136 is divided by 6403.
91
What is the remainder when 63337 is divided by 801?
58
Calculate the remainder when 10483336 is divided by 673.
15
What is the remainder when 581868 is divided by 12648?
60
What is the remainder when 12774210 is divided by 703?
700
Calculate the remainder when 16272806 is divided by 68.
66
Calculate the remainder when 5983 is divided by 3746.
2237
What is the remainder when 10289371 is divided by 14492?
51
What is the remainder when 897782164 is divided by 245?
244
What is the remainder when 1075551 is divided by 37?
35
What is the remainder when 10039372 is divided by 2228?
4
Calculate the remainder when 3812530 is divided by 476564.
18
What is the remainder when 8247249 is divided by 1823?
1820
Calculate the remainder when 76623330 is divided by 5276.
5258
What is the remainder when 431031 is divided by 215505?
21
What is the remainder when 466354672 is divided by 22?
14
Calculate the remainder when 20191773 is divided by 2021.
1983
What is the remainder when 3580496 is divided by 697?
7
Calculate the remainder when 3158895 is divided by 166242.
297
What is the remainder when 24469 is divided by 23967?
502
Calculate the remainder when 286386 is divided by 143141.
104
What is the remainder when 75046699 is divided by 18761669?
23
What is the remainder when 28166708 is divided by 431?
427
What is the remainder when 6258053 is divided by 238?
81
What is the remainder when 752146 is divided by 730?
246
What is the remainder when 382902 is divided by 63817?
0
What is the remainder when 613497 is divided by 38343?
9
What is the remainder when 2235053 is divided by 11?
7
What is the remainder when 4075846 is divided by 198?
16
What is the remainder when 888304 is divided by 2538?
4
What is the remainder when 4228484 is divided by 1988?
8
Calculate the remainder when 1316424 is divided by 487.
63
What is the remainder when 1397419 is divided by 3?
1
What is the remainder when 88304 is divided by 44098?
108
Calculate the remainder when 4550241 is divided by 2211.
3
What is the remainder when 111969 is divided by 2154?
2115
Calculate the remainder when 8531610 is divided by 10.
0
What is the remainder when 9600180 is divided by 56?
44
What is the remainder when 417452 is divided by 2471?
2324
Calculate the remainder when 1844013 is divided by 307334.
9
Calculate the remainder when 1326082 is divided by 19.
15
Calculate the remainder when 2233400 is divided by 530.
510
What is the remainder when 80538 is divided by 26?
16
What is the remain